t common divisor of 51090 and 570960.
390
What is the highest common factor of 698 and 1405423?
349
Calculate the greatest common factor of 20396440 and 280.
40
Calculate the highest common divisor of 63108825 and 4596.
1149
Calculate the greatest common divisor of 76 and 359219358.
38
What is the greatest common divisor of 83365 and 1405?
5
Calculate the highest common divisor of 7359344 and 1383760.
5648
What is the highest common divisor of 156503380 and 836?
836
What is the highest common divisor of 20317 and 3309031?
11
What is the greatest common divisor of 738505660 and 6015?
2005
What is the highest common factor of 304 and 80484?
76
What is the highest common divisor of 290052 and 2961?
63
Calculate the highest common divisor of 6 and 143355226.
2
Calculate the greatest common factor of 16711731 and 13311.
459
What is the highest common divisor of 1799740 and 3317?
107
Calculate the highest common factor of 378 and 21059682.
42
What is the greatest common divisor of 494 and 1927536?
26
What is the greatest common factor of 139784 and 139092?
692
Calculate the highest common factor of 122 and 131120110.
122
Calculate the greatest common divisor of 126 and 138536874.
126
Calculate the greatest common factor of 2780270 and 15200.
190
What is the greatest common factor of 873 and 3196441?
97
Calculate the highest common factor of 1611 and 3218599.
179
What is the greatest common factor of 2126292 and 612?
204
What is the greatest common factor of 109656627 and 1131?
87
Calculate the greatest common factor of 696204 and 12201.
249
What is the highest common factor of 17951 and 1471363?
619
Calculate the highest common factor of 213705012 and 516.
516
What is the highest common divisor of 305165 and 392?
7
Calculate the highest common factor of 1350 and 237524400.
1350
Calculate the greatest common divisor of 3690 and 432017.
41
Calculate the highest common divisor of 75870166 and 382.
382
Calculate the highest common divisor of 18400 and 13525472.
736
What is the greatest common divisor of 102968240 and 414?
46
What is the greatest common factor of 3189648 and 660?
132
What is the greatest common divisor of 1457890 and 21299?
59
Calculate the highest common factor of 1440288 and 6936.
24
What is the greatest common divisor of 5771 and 49?
1
Calculate the greatest common divisor of 22020 and 53275188.
4404
What is the highest common factor of 7578 and 21609?
9
What is the highest common factor of 157982890 and 1?
1
What is the highest common factor of 123775039 and 122?
61
What is the greatest common factor of 1200 and 12415632?
48
Calculate the greatest common divisor of 1120 and 3651410.
70
What is the highest common factor of 6181 and 31738?
7
Calculate the greatest common factor of 6000 and 941625.
375
What is the greatest common divisor of 114312 and 172920?
264
Calculate the greatest common factor of 22866 and 60717.
111
What is the greatest common factor of 63462 and 12725642?
3022
What is the greatest common divisor of 6870 and 203581?
229
What is the greatest common factor of 257871356 and 4?
4
Calculate the highest common divisor of 9358804 and 1372.
196
What is the greatest common divisor of 1710 and 2578300?
190
What is the highest common divisor of 2387181 and 3?
3
Calculate the highest common divisor of 32369064 and 8736.
2184
What is the highest common divisor of 603 and 35847?
9
Calculate the greatest common factor of 560 and 112022540.
140
Calculate the greatest common factor of 4187357 and 23.
23
Calculate the greatest common factor of 624087 and 165852.
153
Calculate the greatest common factor of 3637232 and 816.
16
Calculate the greatest common factor of 4926135 and 10819.
349
What is the greatest common factor of 11968041 and 3958923?
11409
Calculate the greatest common factor of 2117066 and 3283.
469
What is the highest common factor of 1394969 and 1581?
527
Calculate the greatest common divisor of 74 and 606609080.
74
Calculate the greatest common factor of 5750349 and 1286.
643
Calculate the greatest common factor of 5445 and 17815.
5
Calculate the highest common factor of 927 and 3147021.
9
Calculate the highest common factor of 4004248 and 884.
68
Calculate the greatest common factor of 734255610 and 660.
330
Calculate the greatest common factor of 28615 and 3978940.
485
What is the greatest common factor of 4236160 and 77440?
640
What is the greatest common divisor of 2455937 and 242?
121
What is the greatest common divisor of 120 and 1585050?
30
What is the highest common divisor of 14375 and 1016250?
625
Calculate the greatest common divisor of 26722 and 6386.
62
What is the highest common factor of 106113 and 832815?
93
Calculate the highest common divisor of 6384 and 67824.
48
What is the greatest common factor of 1792 and 348112?
16
Calculate the greatest common divisor of 4420302 and 6.
6
Calculate the highest common divisor of 2748316 and 391.
23
What is the highest common factor of 7007 and 16651921?
143
What is the highest common factor of 87 and 3333376?
29
What is the highest common factor of 17186865 and 2760?
345
What is the highest common divisor of 3227260 and 880?
20
What is the greatest common divisor of 17574 and 8340?
6
What is the greatest common divisor of 28118449 and 12093?
139
What is the greatest common factor of 208 and 2502994?
26
What is the highest common divisor of 415921 and 11?
11
Calculate the greatest common factor of 4187 and 1926296342.
4187
What is the greatest common divisor of 2108504 and 5283?
587
Calculate the highest common factor of 2855 and 90189450.
2855
Calculate the greatest common factor of 6407160 and 142845.
1605
Calculate the greatest common factor of 50949 and 271796.
17
Calculate the greatest common factor of 8271650 and 570.
190
What is the greatest common factor of 890 and 10190?
10
What is the greatest common divisor of 5169808 and 34972?
28
Calculate the greatest common factor of 10 and 244879460.
10
Calculate the highest common factor of 171 and 4520070.
9
What is the highest common divisor of 4 and 13233480?
4
Calculate the greatest common factor of 2002870030 and 70.
70
What is the highest common divisor of 1916231 and 4?
1
Calculate the highest common divisor of 2042784 and 1104.
48
Calculate the highest common divisor of 170810 and 29140.
310
What is the highest common divisor of 1079 and 230157174?
1079
Calculate the greatest common divisor of 116 and 2189625628.
116
Calculate the highest common divisor of 88 and 35604760.
8
What is the greatest common factor of 1746 and 5123734?
194
Calculate the greatest common divisor of 403 and 483631.
31
Calculate the highest common divisor of 35579 and 1621453.
47
Calculate the greatest common divisor of 76 and 92738582.
38
What is the greatest common divisor of 239056 and 166?
2
Calculate the greatest common divisor of 156466056 and 552.
552
Calculate the highest common divisor of 47808 and 841536.
576
What is the highest common divisor of 46672 and 42445267?
2917
Calculate the highest common divisor of 476201 and 40161.
11
Calculate the greatest common factor of 23 and 1873297077.
23
What is the greatest common factor of 243285 and 760638?
993
Calculate the greatest common divisor of 210658 and 16072.
574
Calculate the highest common factor of 3056650 and 25990.
1130
What is the highest common factor of 7332133 and 28783?
269
Calculate the greatest common factor of 57163079 and 563.
563
What is the greatest common divisor of 138176 and 14229?
17
Calculate the highest common divisor of 1462219 and 99.
11
Calculate the highest common divisor of 52236 and 3054.
6
Calculate the highest common divisor of 334 and 4979439.
167
What is the highest common factor of 980 and 2968313180?
980
Calculate the greatest common factor of 14434790 and 6690.
2230
Calculate the highest common factor of 2403 and 69994317.
267
Calculate the greatest common divisor of 3619 and 144872189.
3619
What is the highest common divisor of 153136386 and 6318?
702
What is the highest common factor of 151649 and 11120?
139
What is the highest common factor of 1118826303 and 21?
21
Calculate the greatest common divisor of 5183 and 13095737.
71
Calculate the highest common factor of 238245028 and 399.
133
What is the highest common factor of 79